{"id":33,"date":"2024-03-09T09:49:03","date_gmt":"2024-03-09T12:49:03","guid":{"rendered":"http:\/\/hbsports.com.br\/?page_id=33"},"modified":"2025-05-22T19:47:18","modified_gmt":"2025-05-22T22:47:18","slug":"lutas","status":"publish","type":"page","link":"https:\/\/hbsports.com.br\/?page_id=33","title":{"rendered":"Lutas"},"content":{"rendered":"<!-- Erro, o An\u00fancio n\u00e3o est\u00e1 dispon\u00edvel neste momento devido \u00e0s restri\u00e7\u00f5es de agendamento\/geolocaliza\u00e7\u00e3o! -->\n\n\n<div style=\"height:100px\" aria-hidden=\"true\" class=\"wp-block-spacer\"><\/div>\n\n\n\n<p class=\"has-medium-font-size\"> Bem-vindo \u00e0 p\u00e1gina de Lutas da HB Sports, onde a for\u00e7a, disciplina e supera\u00e7\u00e3o encontram sua verdadeira express\u00e3o. Nossa academia oferece uma variedade de modalidades de artes marciais, ideais tanto para quem busca aprender t\u00e9cnicas de defesa pessoal, quanto para aqueles que almejam competir ou apenas melhorar seu condicionamento f\u00edsico.<\/p>\n\n\n\n<figure class=\"wp-block-embed is-type-video is-provider-youtube wp-block-embed-youtube wp-embed-aspect-4-3 wp-has-aspect-ratio\"><div class=\"wp-block-embed__wrapper\">\n<iframe loading=\"lazy\" title=\"Boxe HB Soports\" width=\"1140\" height=\"641\" src=\"https:\/\/www.youtube.com\/embed\/ieWiSSLOuMM?feature=oembed\" frameborder=\"0\" allow=\"accelerometer; autoplay; clipboard-write; encrypted-media; gyroscope; picture-in-picture; web-share\" referrerpolicy=\"strict-origin-when-cross-origin\" allowfullscreen><\/iframe>\n<\/div><\/figure>\n\n\n\n<p>Confira cronograma de aulas <a href=\"http:\/\/hbsports.com.br\/?page_id=25\">clicando aqui<\/a><\/p>\n\n\n\n<hr class=\"wp-block-separator has-text-color has-luminous-vivid-orange-color has-alpha-channel-opacity has-luminous-vivid-orange-background-color has-background is-style-wide\"\/>\n\n\n\n<h2 class=\"wp-block-heading has-white-color has-luminous-vivid-orange-background-color has-text-color has-background has-link-color wp-elements-2af447b4bccd4b5ec0900a5ab31ebedc\">Jiu-Jitsu e Jiu-Jitsu Kids<\/h2>\n\n\n\n<div class=\"wp-block-media-text is-stacked-on-mobile\"><figure class=\"wp-block-media-text__media\"><img loading=\"lazy\" decoding=\"async\" width=\"1024\" height=\"769\" src=\"http:\/\/hbsports.com.br\/wp-content\/uploads\/2024\/05\/WhatsApp-Image-2024-05-12-at-13.48.07-1024x769.jpeg\" alt=\"\" class=\"wp-image-58 size-full\" srcset=\"https:\/\/hbsports.com.br\/wp-content\/uploads\/2024\/05\/WhatsApp-Image-2024-05-12-at-13.48.07-1024x769.jpeg 1024w, https:\/\/hbsports.com.br\/wp-content\/uploads\/2024\/05\/WhatsApp-Image-2024-05-12-at-13.48.07-300x225.jpeg 300w, https:\/\/hbsports.com.br\/wp-content\/uploads\/2024\/05\/WhatsApp-Image-2024-05-12-at-13.48.07-768x576.jpeg 768w, https:\/\/hbsports.com.br\/wp-content\/uploads\/2024\/05\/WhatsApp-Image-2024-05-12-at-13.48.07-1536x1153.jpeg 1536w, https:\/\/hbsports.com.br\/wp-content\/uploads\/2024\/05\/WhatsApp-Image-2024-05-12-at-13.48.07.jpeg 1600w\" sizes=\"auto, (max-width: 1024px) 100vw, 1024px\" \/><\/figure><div class=\"wp-block-media-text__content\">\n<p class=\"has-medium-font-size\">Com foco no combate no ch\u00e3o e t\u00e9cnicas de submiss\u00e3o, o Jiu-Jitsu Brasileiro ensina a alavancar a for\u00e7a e a t\u00e9cnica, permitindo que qualquer pessoa, independentemente do tamanho, consiga se defender contra oponentes maiores e mais fortes. \u00c9 uma das modalidades mais respeitadas em competi\u00e7\u00f5es de MMA.<\/p>\n<\/div><\/div>\n\n\n\n<div style=\"height:100px\" aria-hidden=\"true\" class=\"wp-block-spacer\"><\/div>\n\n\n\n<figure class=\"wp-block-gallery has-nested-images columns-default is-cropped wp-block-gallery-1 is-layout-flex wp-block-gallery-is-layout-flex\">\n<figure class=\"wp-block-image size-large\"><img loading=\"lazy\" decoding=\"async\" width=\"630\" height=\"1024\" data-id=\"442\" src=\"https:\/\/hbsports.com.br\/wp-content\/uploads\/2025\/05\/WhatsApp-Image-2025-05-22-at-17.17.39-630x1024.jpeg\" alt=\"\" class=\"wp-image-442\" srcset=\"https:\/\/hbsports.com.br\/wp-content\/uploads\/2025\/05\/WhatsApp-Image-2025-05-22-at-17.17.39-630x1024.jpeg 630w, https:\/\/hbsports.com.br\/wp-content\/uploads\/2025\/05\/WhatsApp-Image-2025-05-22-at-17.17.39-185x300.jpeg 185w, https:\/\/hbsports.com.br\/wp-content\/uploads\/2025\/05\/WhatsApp-Image-2025-05-22-at-17.17.39-768x1248.jpeg 768w, https:\/\/hbsports.com.br\/wp-content\/uploads\/2025\/05\/WhatsApp-Image-2025-05-22-at-17.17.39.jpeg 788w\" sizes=\"auto, (max-width: 630px) 100vw, 630px\" \/><\/figure>\n\n\n\n<figure class=\"wp-block-image size-large\"><img loading=\"lazy\" decoding=\"async\" width=\"310\" height=\"397\" data-id=\"149\" src=\"http:\/\/hbsports.com.br\/wp-content\/uploads\/2024\/09\/Captura-de-Tela-2024-09-09-as-10.33.16.png\" alt=\"\" class=\"wp-image-149\" srcset=\"https:\/\/hbsports.com.br\/wp-content\/uploads\/2024\/09\/Captura-de-Tela-2024-09-09-as-10.33.16.png 310w, https:\/\/hbsports.com.br\/wp-content\/uploads\/2024\/09\/Captura-de-Tela-2024-09-09-as-10.33.16-234x300.png 234w\" sizes=\"auto, (max-width: 310px) 100vw, 310px\" \/><\/figure>\n\n\n\n<figure class=\"wp-block-image size-large\"><img loading=\"lazy\" decoding=\"async\" width=\"304\" height=\"381\" data-id=\"148\" src=\"http:\/\/hbsports.com.br\/wp-content\/uploads\/2024\/09\/Captura-de-Tela-2024-09-09-as-10.33.10.png\" alt=\"\" class=\"wp-image-148\" srcset=\"https:\/\/hbsports.com.br\/wp-content\/uploads\/2024\/09\/Captura-de-Tela-2024-09-09-as-10.33.10.png 304w, https:\/\/hbsports.com.br\/wp-content\/uploads\/2024\/09\/Captura-de-Tela-2024-09-09-as-10.33.10-239x300.png 239w\" sizes=\"auto, (max-width: 304px) 100vw, 304px\" \/><\/figure>\n<\/figure>\n\n\n\n<figure class=\"wp-block-gallery has-nested-images columns-default is-cropped wp-block-gallery-2 is-layout-flex wp-block-gallery-is-layout-flex\">\n<figure class=\"wp-block-image size-large\"><img loading=\"lazy\" decoding=\"async\" width=\"1024\" height=\"803\" data-id=\"432\" src=\"https:\/\/hbsports.com.br\/wp-content\/uploads\/2025\/02\/WhatsApp-Image-2025-02-12-at-21.07.21-1024x803.jpeg\" alt=\"\" class=\"wp-image-432\" srcset=\"https:\/\/hbsports.com.br\/wp-content\/uploads\/2025\/02\/WhatsApp-Image-2025-02-12-at-21.07.21-1024x803.jpeg 1024w, https:\/\/hbsports.com.br\/wp-content\/uploads\/2025\/02\/WhatsApp-Image-2025-02-12-at-21.07.21-300x235.jpeg 300w, https:\/\/hbsports.com.br\/wp-content\/uploads\/2025\/02\/WhatsApp-Image-2025-02-12-at-21.07.21-768x602.jpeg 768w, https:\/\/hbsports.com.br\/wp-content\/uploads\/2025\/02\/WhatsApp-Image-2025-02-12-at-21.07.21-1536x1205.jpeg 1536w, https:\/\/hbsports.com.br\/wp-content\/uploads\/2025\/02\/WhatsApp-Image-2025-02-12-at-21.07.21.jpeg 1600w\" sizes=\"auto, (max-width: 1024px) 100vw, 1024px\" \/><\/figure>\n\n\n\n<figure class=\"wp-block-image size-large\"><img loading=\"lazy\" decoding=\"async\" width=\"1024\" height=\"655\" data-id=\"431\" src=\"https:\/\/hbsports.com.br\/wp-content\/uploads\/2025\/02\/WhatsApp-Image-2025-02-12-at-21.07.21-1-1024x655.jpeg\" alt=\"\" class=\"wp-image-431\" srcset=\"https:\/\/hbsports.com.br\/wp-content\/uploads\/2025\/02\/WhatsApp-Image-2025-02-12-at-21.07.21-1-1024x655.jpeg 1024w, https:\/\/hbsports.com.br\/wp-content\/uploads\/2025\/02\/WhatsApp-Image-2025-02-12-at-21.07.21-1-300x192.jpeg 300w, https:\/\/hbsports.com.br\/wp-content\/uploads\/2025\/02\/WhatsApp-Image-2025-02-12-at-21.07.21-1-768x492.jpeg 768w, https:\/\/hbsports.com.br\/wp-content\/uploads\/2025\/02\/WhatsApp-Image-2025-02-12-at-21.07.21-1-1536x983.jpeg 1536w, https:\/\/hbsports.com.br\/wp-content\/uploads\/2025\/02\/WhatsApp-Image-2025-02-12-at-21.07.21-1.jpeg 1600w\" sizes=\"auto, (max-width: 1024px) 100vw, 1024px\" \/><\/figure>\n\n\n\n<figure class=\"wp-block-image size-large\"><img loading=\"lazy\" decoding=\"async\" width=\"994\" height=\"1024\" data-id=\"430\" src=\"https:\/\/hbsports.com.br\/wp-content\/uploads\/2025\/02\/WhatsApp-Image-2025-02-12-at-21.07.21-2-994x1024.jpeg\" alt=\"\" class=\"wp-image-430\" srcset=\"https:\/\/hbsports.com.br\/wp-content\/uploads\/2025\/02\/WhatsApp-Image-2025-02-12-at-21.07.21-2-994x1024.jpeg 994w, https:\/\/hbsports.com.br\/wp-content\/uploads\/2025\/02\/WhatsApp-Image-2025-02-12-at-21.07.21-2-291x300.jpeg 291w, https:\/\/hbsports.com.br\/wp-content\/uploads\/2025\/02\/WhatsApp-Image-2025-02-12-at-21.07.21-2-768x791.jpeg 768w, https:\/\/hbsports.com.br\/wp-content\/uploads\/2025\/02\/WhatsApp-Image-2025-02-12-at-21.07.21-2.jpeg 1080w\" sizes=\"auto, (max-width: 994px) 100vw, 994px\" \/><\/figure>\n\n\n\n<figure class=\"wp-block-image size-large\"><img loading=\"lazy\" decoding=\"async\" width=\"1024\" height=\"769\" data-id=\"433\" src=\"https:\/\/hbsports.com.br\/wp-content\/uploads\/2025\/02\/WhatsApp-Image-2025-02-12-at-21.07.22-1024x769.jpeg\" alt=\"\" class=\"wp-image-433\" srcset=\"https:\/\/hbsports.com.br\/wp-content\/uploads\/2025\/02\/WhatsApp-Image-2025-02-12-at-21.07.22-1024x769.jpeg 1024w, https:\/\/hbsports.com.br\/wp-content\/uploads\/2025\/02\/WhatsApp-Image-2025-02-12-at-21.07.22-300x225.jpeg 300w, https:\/\/hbsports.com.br\/wp-content\/uploads\/2025\/02\/WhatsApp-Image-2025-02-12-at-21.07.22-768x576.jpeg 768w, https:\/\/hbsports.com.br\/wp-content\/uploads\/2025\/02\/WhatsApp-Image-2025-02-12-at-21.07.22-1536x1153.jpeg 1536w, https:\/\/hbsports.com.br\/wp-content\/uploads\/2025\/02\/WhatsApp-Image-2025-02-12-at-21.07.22.jpeg 1600w\" sizes=\"auto, (max-width: 1024px) 100vw, 1024px\" \/><\/figure>\n<\/figure>\n\n\n\n<div style=\"height:100px\" aria-hidden=\"true\" class=\"wp-block-spacer\"><\/div>\n\n\n\n<hr class=\"wp-block-separator has-text-color has-luminous-vivid-orange-color has-alpha-channel-opacity has-luminous-vivid-orange-background-color has-background is-style-wide\"\/>\n\n\n\n<h2 class=\"wp-block-heading has-white-color has-luminous-vivid-orange-background-color has-text-color has-background has-link-color wp-elements-e76d7ef9768b4c86e43ed3df94806efa\">Muay Thai<\/h2>\n\n\n\n<div class=\"wp-block-media-text is-stacked-on-mobile\"><figure class=\"wp-block-media-text__media\"><img loading=\"lazy\" decoding=\"async\" width=\"396\" height=\"395\" src=\"http:\/\/hbsports.com.br\/wp-content\/uploads\/2024\/09\/Captura-de-Tela-2024-09-09-as-10.37.43.png\" alt=\"\" class=\"wp-image-151 size-full\" srcset=\"https:\/\/hbsports.com.br\/wp-content\/uploads\/2024\/09\/Captura-de-Tela-2024-09-09-as-10.37.43.png 396w, https:\/\/hbsports.com.br\/wp-content\/uploads\/2024\/09\/Captura-de-Tela-2024-09-09-as-10.37.43-300x300.png 300w, https:\/\/hbsports.com.br\/wp-content\/uploads\/2024\/09\/Captura-de-Tela-2024-09-09-as-10.37.43-150x150.png 150w\" sizes=\"auto, (max-width: 396px) 100vw, 396px\" \/><\/figure><div class=\"wp-block-media-text__content\">\n<p class=\"has-medium-font-size\">O &#8220;boxe tailand\u00eas&#8221; \u00e9 uma arte marcial de combate corpo a corpo que utiliza socos, chutes, cotoveladas e joelhadas. Conhecido por sua efic\u00e1cia e dinamismo, o Muay Thai tamb\u00e9m \u00e9 excelente para aprimorar o condicionamento f\u00edsico e a resist\u00eancia cardiovascular.<\/p>\n<\/div><\/div>\n\n\n\n<div style=\"height:100px\" aria-hidden=\"true\" class=\"wp-block-spacer\"><\/div>\n\n\n\n<figure class=\"wp-block-gallery has-nested-images columns-default is-cropped wp-block-gallery-3 is-layout-flex wp-block-gallery-is-layout-flex\">\n<figure class=\"wp-block-image size-large\"><img loading=\"lazy\" decoding=\"async\" width=\"1024\" height=\"683\" data-id=\"141\" src=\"http:\/\/hbsports.com.br\/wp-content\/uploads\/2024\/09\/quem-nao-pode-praticar-muay-thai-scaled-1-1024x683.jpeg\" alt=\"\" class=\"wp-image-141\" srcset=\"https:\/\/hbsports.com.br\/wp-content\/uploads\/2024\/09\/quem-nao-pode-praticar-muay-thai-scaled-1-1024x683.jpeg 1024w, https:\/\/hbsports.com.br\/wp-content\/uploads\/2024\/09\/quem-nao-pode-praticar-muay-thai-scaled-1-300x200.jpeg 300w, https:\/\/hbsports.com.br\/wp-content\/uploads\/2024\/09\/quem-nao-pode-praticar-muay-thai-scaled-1-768x512.jpeg 768w, https:\/\/hbsports.com.br\/wp-content\/uploads\/2024\/09\/quem-nao-pode-praticar-muay-thai-scaled-1-1536x1024.jpeg 1536w, https:\/\/hbsports.com.br\/wp-content\/uploads\/2024\/09\/quem-nao-pode-praticar-muay-thai-scaled-1-2048x1366.jpeg 2048w\" sizes=\"auto, (max-width: 1024px) 100vw, 1024px\" \/><figcaption class=\"wp-element-caption\">Process of fight between two female boxers, one of them got hit from another.<\/figcaption><\/figure>\n\n\n\n<figure class=\"wp-block-image size-large\"><img loading=\"lazy\" decoding=\"async\" width=\"1024\" height=\"576\" data-id=\"142\" src=\"http:\/\/hbsports.com.br\/wp-content\/uploads\/2024\/09\/7-1024x576-1.jpeg\" alt=\"\" class=\"wp-image-142\" srcset=\"https:\/\/hbsports.com.br\/wp-content\/uploads\/2024\/09\/7-1024x576-1.jpeg 1024w, https:\/\/hbsports.com.br\/wp-content\/uploads\/2024\/09\/7-1024x576-1-300x169.jpeg 300w, https:\/\/hbsports.com.br\/wp-content\/uploads\/2024\/09\/7-1024x576-1-768x432.jpeg 768w\" sizes=\"auto, (max-width: 1024px) 100vw, 1024px\" \/><\/figure>\n\n\n\n<figure class=\"wp-block-image size-large\"><img loading=\"lazy\" decoding=\"async\" width=\"1024\" height=\"683\" data-id=\"143\" src=\"http:\/\/hbsports.com.br\/wp-content\/uploads\/2024\/09\/muay-thai-beneficios.jpg.webp\" alt=\"\" class=\"wp-image-143\"\/><\/figure>\n<\/figure>\n\n\n\n<hr class=\"wp-block-separator has-text-color has-luminous-vivid-orange-color has-alpha-channel-opacity has-luminous-vivid-orange-background-color has-background is-style-wide\"\/>\n\n\n\n<h2 class=\"wp-block-heading\">Fa\u00e7a j\u00e1 sua Pr\u00e9-Matricula e garanta todos os benef\u00edcios HB Sports<\/h2>\n\n\n\n<p>Preencha o formul\u00e1rio abaixo e nosso atendimento entrar\u00e1 em contato com voc\u00ea!<\/p>\n\n\n\n<div class=\"wp-block-contact-form-7-contact-form-selector\">\n<div class=\"wpcf7 no-js\" id=\"wpcf7-f287-o1\" lang=\"pt-BR\" dir=\"ltr\" data-wpcf7-id=\"287\">\n<div class=\"screen-reader-response\"><p role=\"status\" aria-live=\"polite\" aria-atomic=\"true\"><\/p> <ul><\/ul><\/div>\n<form action=\"\/index.php?rest_route=%2Fwp%2Fv2%2Fpages%2F33#wpcf7-f287-o1\" method=\"post\" class=\"wpcf7-form init\" aria-label=\"Formul\u00e1rios de contato\" novalidate=\"novalidate\" data-status=\"init\">\n<div style=\"display: none;\">\n<input type=\"hidden\" name=\"_wpcf7\" value=\"287\" \/>\n<input type=\"hidden\" name=\"_wpcf7_version\" value=\"6.0\" \/>\n<input type=\"hidden\" name=\"_wpcf7_locale\" value=\"pt_BR\" \/>\n<input type=\"hidden\" name=\"_wpcf7_unit_tag\" value=\"wpcf7-f287-o1\" \/>\n<input type=\"hidden\" name=\"_wpcf7_container_post\" value=\"0\" \/>\n<input type=\"hidden\" name=\"_wpcf7_posted_data_hash\" value=\"\" \/>\n<\/div>\n<p><label> Seu nome<br \/>\n<span class=\"wpcf7-form-control-wrap\" data-name=\"your-name\"><input size=\"40\" maxlength=\"400\" class=\"wpcf7-form-control wpcf7-text wpcf7-validates-as-required\" autocomplete=\"name\" aria-required=\"true\" aria-invalid=\"false\" value=\"\" type=\"text\" name=\"your-name\" \/><\/span> <\/label>\n<\/p>\n<p><label> Seu Telefone<br \/>\n<span class=\"wpcf7-form-control-wrap\" data-name=\"your-telefone\"><input size=\"40\" maxlength=\"400\" class=\"wpcf7-form-control wpcf7-text wpcf7-validates-as-required\" autocomplete=\"telefone\" aria-required=\"true\" aria-invalid=\"false\" value=\"\" type=\"text\" name=\"your-telefone\" \/><\/span> <\/label>\n<\/p>\n<p><label> Seu e-mail<br \/>\n<span class=\"wpcf7-form-control-wrap\" data-name=\"your-email\"><input size=\"40\" maxlength=\"400\" class=\"wpcf7-form-control wpcf7-email wpcf7-validates-as-required wpcf7-text wpcf7-validates-as-email\" autocomplete=\"email\" aria-required=\"true\" aria-invalid=\"false\" value=\"\" type=\"email\" name=\"your-email\" \/><\/span> <\/label>\n<\/p>\n<p><label> Escolha a modalidade de luta:<br \/>\n<span class=\"wpcf7-form-control-wrap\" data-name=\"radio-991\"><span class=\"wpcf7-form-control wpcf7-radio\"><span class=\"wpcf7-list-item first\"><input type=\"radio\" name=\"radio-991\" value=\"JIU-JITSU\" \/><span class=\"wpcf7-list-item-label\">JIU-JITSU<\/span><\/span><span class=\"wpcf7-list-item\"><input type=\"radio\" name=\"radio-991\" value=\"JIU-JITSU KIDS\" \/><span class=\"wpcf7-list-item-label\">JIU-JITSU KIDS<\/span><\/span><span class=\"wpcf7-list-item\"><input type=\"radio\" name=\"radio-991\" value=\"MUAY THAI\" \/><span class=\"wpcf7-list-item-label\">MUAY THAI<\/span><\/span><span class=\"wpcf7-list-item last\"><input type=\"radio\" name=\"radio-991\" value=\"BOXE\" \/><span class=\"wpcf7-list-item-label\">BOXE<\/span><\/span><\/span><\/span> <\/label>\n<\/p>\n<p><label> Escolha seu plano:<br \/>\n<span class=\"wpcf7-form-control-wrap\" data-name=\"select-81\"><select class=\"wpcf7-form-control wpcf7-select\" aria-invalid=\"false\" name=\"select-81\"><option value=\"Plano Mensal\">Plano Mensal<\/option><option value=\"Plano trimestral\">Plano trimestral<\/option><option value=\"Plano quadrimestral\">Plano quadrimestral<\/option><option value=\"Plano semestral\">Plano semestral<\/option><option value=\"Plano anual\">Plano anual<\/option><\/select><\/span> <\/label>\n<\/p>\n<p><label> Escolha a forma de pagamento:<br \/>\n<span class=\"wpcf7-form-control-wrap\" data-name=\"select-82\"><select class=\"wpcf7-form-control wpcf7-select\" aria-invalid=\"false\" name=\"select-82\"><option value=\"Pix \u00e0 vista\">Pix \u00e0 vista<\/option><option value=\"Parcelamento no Cart\u00e3o de Cr\u00e9dito\">Parcelamento no Cart\u00e3o de Cr\u00e9dito<\/option><\/select><\/span> <\/label>\n<\/p>\n<p><input class=\"wpcf7-form-control wpcf7-submit has-spinner\" type=\"submit\" value=\"Enviar\" \/>\n<\/p><div class=\"wpcf7-response-output\" aria-hidden=\"true\"><\/div>\n<\/form>\n<\/div>\n<\/div>\n\n\n<div class=\"wp-block-image\">\n<figure class=\"alignright size-full is-resized\"><a href=\"http:\/\/hbsports.com.br\"><img loading=\"lazy\" decoding=\"async\" width=\"512\" height=\"512\" src=\"http:\/\/hbsports.com.br\/wp-content\/uploads\/2024\/12\/5698153.png\" alt=\"\" class=\"wp-image-289\" style=\"width:53px;height:auto\" srcset=\"https:\/\/hbsports.com.br\/wp-content\/uploads\/2024\/12\/5698153.png 512w, https:\/\/hbsports.com.br\/wp-content\/uploads\/2024\/12\/5698153-300x300.png 300w, https:\/\/hbsports.com.br\/wp-content\/uploads\/2024\/12\/5698153-150x150.png 150w\" sizes=\"auto, (max-width: 512px) 100vw, 512px\" \/><\/a><\/figure>\n<\/div>","protected":false},"excerpt":{"rendered":"<p>Bem-vindo \u00e0 p\u00e1gina de Lutas da HB Sports, onde a for\u00e7a, disciplina e supera\u00e7\u00e3o encontram sua verdadeira express\u00e3o. Nossa academia oferece uma variedade de modalidades de artes marciais, ideais tanto para quem busca aprender t\u00e9cnicas de defesa pessoal, quanto para aqueles que almejam competir ou apenas melhorar seu condicionamento f\u00edsico. Confira cronograma de aulas clicando&hellip;<\/p>\n","protected":false},"author":1,"featured_media":0,"parent":0,"menu_order":0,"comment_status":"closed","ping_status":"closed","template":"","meta":{"_joinchat":[],"footnotes":""},"class_list":["post-33","page","type-page","status-publish","hentry"],"_links":{"self":[{"href":"https:\/\/hbsports.com.br\/index.php?rest_route=\/wp\/v2\/pages\/33","targetHints":{"allow":["GET"]}}],"collection":[{"href":"https:\/\/hbsports.com.br\/index.php?rest_route=\/wp\/v2\/pages"}],"about":[{"href":"https:\/\/hbsports.com.br\/index.php?rest_route=\/wp\/v2\/types\/page"}],"author":[{"embeddable":true,"href":"https:\/\/hbsports.com.br\/index.php?rest_route=\/wp\/v2\/users\/1"}],"replies":[{"embeddable":true,"href":"https:\/\/hbsports.com.br\/index.php?rest_route=%2Fwp%2Fv2%2Fcomments&post=33"}],"version-history":[{"count":37,"href":"https:\/\/hbsports.com.br\/index.php?rest_route=\/wp\/v2\/pages\/33\/revisions"}],"predecessor-version":[{"id":443,"href":"https:\/\/hbsports.com.br\/index.php?rest_route=\/wp\/v2\/pages\/33\/revisions\/443"}],"wp:attachment":[{"href":"https:\/\/hbsports.com.br\/index.php?rest_route=%2Fwp%2Fv2%2Fmedia&parent=33"}],"curies":[{"name":"wp","href":"https:\/\/api.w.org\/{rel}","templated":true}]}}