{"id":18,"date":"2024-03-09T09:40:57","date_gmt":"2024-03-09T12:40:57","guid":{"rendered":"http:\/\/hbsports.com.br\/?page_id=18"},"modified":"2025-01-02T17:03:42","modified_gmt":"2025-01-02T20:03:42","slug":"musculacao","status":"publish","type":"page","link":"https:\/\/hbsports.com.br\/?page_id=18","title":{"rendered":"Muscula\u00e7\u00e3o"},"content":{"rendered":"<!-- Erro, o An\u00fancio n\u00e3o est\u00e1 dispon\u00edvel neste momento devido \u00e0s restri\u00e7\u00f5es de agendamento\/geolocaliza\u00e7\u00e3o! -->\n\n\n<div style=\"height:100px\" aria-hidden=\"true\" class=\"wp-block-spacer\"><\/div>\n\n\n\n<h2 class=\"wp-block-heading\"><strong>Muscula\u00e7\u00e3o na HB Sports: Transforme-se!<\/strong>&nbsp;\ud83d\udcaa<\/h2>\n\n\n\n<div class=\"wp-block-media-text has-media-on-the-right is-stacked-on-mobile\"><div class=\"wp-block-media-text__content\">\n<p>Na HB Sports, a muscula\u00e7\u00e3o \u00e9 mais que exerc\u00edcio; \u00e9 uma jornada de transforma\u00e7\u00e3o. Aqui, oferecemos um ambiente completo e acolhedor, equipado com aparelhos de \u00faltima gera\u00e7\u00e3o e uma equipe de profissionais qualificados, prontos para ajudar voc\u00ea a alcan\u00e7ar seus objetivos, seja ganhar for\u00e7a, emagrecer ou melhorar sua qualidade de vida.<\/p>\n\n\n\n<p>Nosso diferencial \u00e9 o atendimento personalizado: elaboramos treinos sob medida para suas necessidades e acompanhamos sua evolu\u00e7\u00e3o de perto. Al\u00e9m disso, voc\u00ea conta com hor\u00e1rios flex\u00edveis e uma estrutura moderna que garante conforto e seguran\u00e7a durante os treinos.<\/p>\n\n\n\n<p>Quer mais energia, autoestima e sa\u00fade? Comece hoje mesmo e descubra como a muscula\u00e7\u00e3o na HB Sports pode transformar o seu corpo e a sua mente. Venha para a melhor academia da Zona Sul de S\u00e3o Paulo e supere seus limites!<\/p>\n\n\n\n<p>Conhe\u00e7a nossa programa\u00e7\u00e3o <a href=\"http:\/\/hbsports.com.br\/?page_id=25\">clicando aqui<\/a><\/p>\n<\/div><figure class=\"wp-block-media-text__media\"><img loading=\"lazy\" decoding=\"async\" width=\"768\" height=\"767\" src=\"http:\/\/hbsports.com.br\/wp-content\/uploads\/2024\/07\/Captura-de-Tela-2024-07-22-as-15.35.39.png\" alt=\"\" class=\"wp-image-107 size-full\" srcset=\"https:\/\/hbsports.com.br\/wp-content\/uploads\/2024\/07\/Captura-de-Tela-2024-07-22-as-15.35.39.png 768w, https:\/\/hbsports.com.br\/wp-content\/uploads\/2024\/07\/Captura-de-Tela-2024-07-22-as-15.35.39-300x300.png 300w, https:\/\/hbsports.com.br\/wp-content\/uploads\/2024\/07\/Captura-de-Tela-2024-07-22-as-15.35.39-150x150.png 150w\" sizes=\"auto, (max-width: 768px) 100vw, 768px\" \/><\/figure><\/div>\n\n\n\n<hr class=\"wp-block-separator has-text-color has-luminous-vivid-orange-color has-alpha-channel-opacity has-luminous-vivid-orange-background-color has-background is-style-wide\"\/>\n\n\n\n<h2 class=\"wp-block-heading\">Fa\u00e7a j\u00e1 sua Pr\u00e9-Matricula e garanta todos os benef\u00edcios HB Sports<\/h2>\n\n\n\n<p>Preencha o formul\u00e1rio abaixo e nosso atendimento entrar\u00e1 em contato com voc\u00ea!<\/p>\n\n\n\n<div class=\"wp-block-contact-form-7-contact-form-selector\">\n<div class=\"wpcf7 no-js\" id=\"wpcf7-f279-o1\" lang=\"pt-BR\" dir=\"ltr\" data-wpcf7-id=\"279\">\n<div class=\"screen-reader-response\"><p role=\"status\" aria-live=\"polite\" aria-atomic=\"true\"><\/p> <ul><\/ul><\/div>\n<form action=\"\/index.php?rest_route=%2Fwp%2Fv2%2Fpages%2F18#wpcf7-f279-o1\" method=\"post\" class=\"wpcf7-form init\" aria-label=\"Formul\u00e1rios de contato\" novalidate=\"novalidate\" data-status=\"init\">\n<div style=\"display: none;\">\n<input type=\"hidden\" name=\"_wpcf7\" value=\"279\" \/>\n<input type=\"hidden\" name=\"_wpcf7_version\" value=\"6.0\" \/>\n<input type=\"hidden\" name=\"_wpcf7_locale\" value=\"pt_BR\" \/>\n<input type=\"hidden\" name=\"_wpcf7_unit_tag\" value=\"wpcf7-f279-o1\" \/>\n<input type=\"hidden\" name=\"_wpcf7_container_post\" value=\"0\" \/>\n<input type=\"hidden\" name=\"_wpcf7_posted_data_hash\" value=\"\" \/>\n<\/div>\n<p><label> Seu nome<br \/>\n<span class=\"wpcf7-form-control-wrap\" data-name=\"your-name\"><input size=\"40\" maxlength=\"400\" class=\"wpcf7-form-control wpcf7-text wpcf7-validates-as-required\" autocomplete=\"name\" aria-required=\"true\" aria-invalid=\"false\" value=\"\" type=\"text\" name=\"your-name\" \/><\/span> <\/label>\n<\/p>\n<p><label> Seu Telefone<br \/>\n<span class=\"wpcf7-form-control-wrap\" data-name=\"your-telefone\"><input size=\"40\" maxlength=\"400\" class=\"wpcf7-form-control wpcf7-text wpcf7-validates-as-required\" autocomplete=\"telefone\" aria-required=\"true\" aria-invalid=\"false\" value=\"\" type=\"text\" name=\"your-telefone\" \/><\/span> <\/label>\n<\/p>\n<p><label> Seu e-mail<br \/>\n<span class=\"wpcf7-form-control-wrap\" data-name=\"your-email\"><input size=\"40\" maxlength=\"400\" class=\"wpcf7-form-control wpcf7-email wpcf7-validates-as-required wpcf7-text wpcf7-validates-as-email\" autocomplete=\"email\" aria-required=\"true\" aria-invalid=\"false\" value=\"\" type=\"email\" name=\"your-email\" \/><\/span> <\/label>\n<\/p>\n<p><label> Escolha seu plano:<br \/>\n<span class=\"wpcf7-form-control-wrap\" data-name=\"select-81\"><select class=\"wpcf7-form-control wpcf7-select\" aria-invalid=\"false\" name=\"select-81\"><option value=\"Plano Mensal\">Plano Mensal<\/option><option value=\"Plano trimestral\">Plano trimestral<\/option><option value=\"Plano quadrimestral\">Plano quadrimestral<\/option><option value=\"Plano semestral\">Plano semestral<\/option><option value=\"Plano anual\">Plano anual<\/option><\/select><\/span> <\/label>\n<\/p>\n<p><label> Escolha a forma de pagamento:<br \/>\n<span class=\"wpcf7-form-control-wrap\" data-name=\"select-82\"><select class=\"wpcf7-form-control wpcf7-select\" aria-invalid=\"false\" name=\"select-82\"><option value=\"Pix \u00e0 vista\">Pix \u00e0 vista<\/option><option value=\"Parcelamento no Cart\u00e3o de Cr\u00e9dito\">Parcelamento no Cart\u00e3o de Cr\u00e9dito<\/option><\/select><\/span> <\/label>\n<\/p>\n<p><input class=\"wpcf7-form-control wpcf7-submit has-spinner\" type=\"submit\" value=\"Enviar\" \/>\n<\/p><div class=\"wpcf7-response-output\" aria-hidden=\"true\"><\/div>\n<\/form>\n<\/div>\n<\/div>\n\n\n<div class=\"wp-block-image\">\n<figure class=\"alignright size-full is-resized\"><a href=\"http:\/\/hbsports.com.br\"><img loading=\"lazy\" decoding=\"async\" width=\"512\" height=\"512\" src=\"http:\/\/hbsports.com.br\/wp-content\/uploads\/2024\/12\/5698153.png\" alt=\"\" class=\"wp-image-289\" style=\"width:53px;height:auto\" srcset=\"https:\/\/hbsports.com.br\/wp-content\/uploads\/2024\/12\/5698153.png 512w, https:\/\/hbsports.com.br\/wp-content\/uploads\/2024\/12\/5698153-300x300.png 300w, https:\/\/hbsports.com.br\/wp-content\/uploads\/2024\/12\/5698153-150x150.png 150w\" sizes=\"auto, (max-width: 512px) 100vw, 512px\" \/><\/a><\/figure>\n<\/div>","protected":false},"excerpt":{"rendered":"<p>Muscula\u00e7\u00e3o na HB Sports: Transforme-se!&nbsp;\ud83d\udcaa Na HB Sports, a muscula\u00e7\u00e3o \u00e9 mais que exerc\u00edcio; \u00e9 uma jornada de transforma\u00e7\u00e3o. Aqui, oferecemos um ambiente completo e acolhedor, equipado com aparelhos de \u00faltima gera\u00e7\u00e3o e uma equipe de profissionais qualificados, prontos para ajudar voc\u00ea a alcan\u00e7ar seus objetivos, seja ganhar for\u00e7a, emagrecer ou melhorar sua qualidade de&hellip;<\/p>\n","protected":false},"author":1,"featured_media":0,"parent":0,"menu_order":0,"comment_status":"closed","ping_status":"closed","template":"","meta":{"_joinchat":[],"footnotes":""},"class_list":["post-18","page","type-page","status-publish","hentry"],"_links":{"self":[{"href":"https:\/\/hbsports.com.br\/index.php?rest_route=\/wp\/v2\/pages\/18","targetHints":{"allow":["GET"]}}],"collection":[{"href":"https:\/\/hbsports.com.br\/index.php?rest_route=\/wp\/v2\/pages"}],"about":[{"href":"https:\/\/hbsports.com.br\/index.php?rest_route=\/wp\/v2\/types\/page"}],"author":[{"embeddable":true,"href":"https:\/\/hbsports.com.br\/index.php?rest_route=\/wp\/v2\/users\/1"}],"replies":[{"embeddable":true,"href":"https:\/\/hbsports.com.br\/index.php?rest_route=%2Fwp%2Fv2%2Fcomments&post=18"}],"version-history":[{"count":10,"href":"https:\/\/hbsports.com.br\/index.php?rest_route=\/wp\/v2\/pages\/18\/revisions"}],"predecessor-version":[{"id":377,"href":"https:\/\/hbsports.com.br\/index.php?rest_route=\/wp\/v2\/pages\/18\/revisions\/377"}],"wp:attachment":[{"href":"https:\/\/hbsports.com.br\/index.php?rest_route=%2Fwp%2Fv2%2Fmedia&parent=18"}],"curies":[{"name":"wp","href":"https:\/\/api.w.org\/{rel}","templated":true}]}}